e factors of 3646?
2, 1823
List the prime factors of 6971.
6971
What are the prime factors of 91685?
5, 11, 1667
List the prime factors of 6460.
2, 5, 17, 19
List the prime factors of 1647.
3, 61
What are the prime factors of 1111?
11, 101
List the prime factors of 25921.
7, 23
What are the prime factors of 16583?
7, 23, 103
What are the prime factors of 22206?
2, 3, 3701
What are the prime factors of 1421?
7, 29
List the prime factors of 1959.
3, 653
List the prime factors of 9074.
2, 13, 349
List the prime factors of 17746.
2, 19, 467
What are the prime factors of 11161?
11161
List the prime factors of 6883.
6883
List the prime factors of 766.
2, 383
List the prime factors of 69518.
2, 34759
List the prime factors of 96180.
2, 3, 5, 7, 229
What are the prime factors of 107989?
7, 15427
List the prime factors of 10416.
2, 3, 7, 31
What are the prime factors of 48490?
2, 5, 13, 373
List the prime factors of 29349.
3, 1087
List the prime factors of 931.
7, 19
List the prime factors of 946.
2, 11, 43
List the prime factors of 11100.
2, 3, 5, 37
What are the prime factors of 106378?
2, 53189
List the prime factors of 6078.
2, 3, 1013
What are the prime factors of 1112?
2, 139
List the prime factors of 25052.
2, 6263
List the prime factors of 491.
491
What are the prime factors of 4897?
59, 83
List the prime factors of 5482.
2, 2741
List the prime factors of 1382.
2, 691
What are the prime factors of 6156?
2, 3, 19
List the prime factors of 2260.
2, 5, 113
List the prime factors of 1629.
3, 181
List the prime factors of 698.
2, 349
List the prime factors of 3779.
3779
What are the prime factors of 3061?
3061
What are the prime factors of 915?
3, 5, 61
List the prime factors of 838.
2, 419
What are the prime factors of 26680?
2, 5, 23, 29
What are the prime factors of 43747?
11, 41, 97
What are the prime factors of 39312?
2, 3, 7, 13
List the prime factors of 162.
2, 3
What are the prime factors of 2467?
2467
What are the prime factors of 21840?
2, 3, 5, 7, 13
What are the prime factors of 20297?
20297
What are the prime factors of 48639?
3, 31, 523
List the prime factors of 384.
2, 3
What are the prime factors of 4618?
2, 2309
What are the prime factors of 9464?
2, 7, 13
List the prime factors of 842.
2, 421
List the prime factors of 993.
3, 331
What are the prime factors of 3826?
2, 1913
List the prime factors of 2341.
2341
List the prime factors of 862.
2, 431
What are the prime factors of 39474?
2, 3, 17, 43
List the prime factors of 642.
2, 3, 107
List the prime factors of 3266.
2, 23, 71
What are the prime factors of 6478?
2, 41, 79
What are the prime factors of 1415?
5, 283
List the prime factors of 1082.
2, 541
What are the prime factors of 8212?
2, 2053
What are the prime factors of 11966?
2, 31, 193
List the prime factors of 2472.
2, 3, 103
What are the prime factors of 9112?
2, 17, 67
List the prime factors of 10306.
2, 5153
What are the prime factors of 104130?
2, 3, 5, 13, 89
List the prime factors of 7535.
5, 11, 137
What are the prime factors of 80299?
59, 1361
List the prime factors of 996.
2, 3, 83
List the prime factors of 3336.
2, 3, 139
What are the prime factors of 254?
2, 127
List the prime factors of 652.
2, 163
What are the prime factors of 54604?
2, 11, 17, 73
List the prime factors of 1322.
2, 661
What are the prime factors of 974?
2, 487
What are the prime factors of 8443?
8443
List the prime factors of 97880.
2, 5, 2447
List the prime factors of 1782.
2, 3, 11
What are the prime factors of 39444?
2, 3, 19, 173
What are the prime factors of 3630?
2, 3, 5, 11
List the prime factors of 11368.
2, 7, 29
List the prime factors of 27099.
3, 3011
List the prime factors of 4318.
2, 17, 127
What are the prime factors of 1249?
1249
List the prime factors of 782.
2, 17, 23
List the prime factors of 516.
2, 3, 43
List the prime factors of 62061.
3, 137, 151
What are the prime factors of 161?
7, 23
What are the prime factors of 10649?
23, 463
List the prime factors of 82134.
2, 3, 13
List the prime factors of 2202.
2, 3, 367
List the prime factors of 14757.
3, 4919
What are the prime factors of 67006?
2, 33503
What are the prime factors of 3610?
2, 5, 19
What are the prime factors of 763?
7, 109
What are the prime factors of 72619?
101, 719
List the prime factors of 10879.
11, 23, 43
What are the prime factors of 1133?
11, 103
What are the prime factors of 30616?
2, 43, 89
List the prime factors of 4494.
2, 3, 7, 107
What are the prime factors of 35540?
2, 5, 1777
List the prime factors of 5813.
5813
List the prime factors of 1393.
7, 199
What are the prime factors of 82148?
2, 11, 1867
List the prime factors of 52387.
52387
List the prime factors of 435.
3, 5, 29
List the prime factors of 356.
2, 89
What are the prime factors of 867?
3, 17
List the prime factors of 1900.
2, 5, 19
List the prime factors of 14508.
2, 3, 13, 31
List the prime factors of 1444.
2, 19
List the prime factors of 856.
2, 107
List the prime factors of 13644.
2, 3, 379
List the prime factors of 329.
7, 47
List the prime factors of 5332.
2, 31, 43
What are the prime factors of 115998?
2, 3, 19333
What are the prime factors of 20720?
2, 5, 7, 37
What are the prime factors of 2345?
5, 7, 67
What are the prime factors of 63335?
5, 53, 239
What are the prime factors of 6653?
6653
List the prime factors of 105083.
11, 41, 233
What are the prime factors of 10924?
2, 2731
What are the prime factors of 39159?
3, 19, 229
List the prime factors of 1340.
2, 5, 67
List the prime factors of 2159.
17, 127
List the prime factors of 12507.
3, 11, 379
List the prime factors of 18481.
18481
What are the prime factors of 120180?
2, 3, 5, 2003
What are the prime factors of 12326?
2, 6163
List the prime factors of 65003.
65003
List the prime factors of 9591.
3, 23, 139
What are the prime factors of 6728?
2, 29
What are the prime factors of 2876?
2, 719
What are the prime factors of 110720?
2, 5, 173
List the prime factors of 7483.
7, 1069
What are the prime factors of 8052?
2, 3, 11, 61
List the prime factors of 10219.
11, 929
What are the prime factors of 2146?
2, 29, 37
List the prime factors of 146773.
11, 1213
What are the prime factors of 1879?
1879
What are the prime factors of 79101?
3, 11, 17, 47
List the prime factors of 18797.
18797
What are the prime factors of 72078?
2, 3, 41, 293
What are the prime factors of 67566?
2, 3, 11261
What are the prime factors of 352?
2, 11
What are the prime factors of 3019?
3019
List the prime factors of 5946.
2, 3, 991
What are the prime factors of 19744?
2, 617
List the prime factors of 4001.
4001
List the prime factors of 17.
17
List the prime factors of 793.
13, 61
What are the prime factors of 10593?
3, 11, 107
What are the prime factors of 47230?
2, 5, 4723
What are the prime factors of 20314?
2, 7, 1451
What are the prime factors of 10000?
2, 5
What are the prime factors of 4633?
41, 113
List the prime factors of 6213.
3, 19, 109
What are the prime factors of 4482?
2, 3, 83
What are the prime factors of 261?
3, 29
What are the prime factors of 821?
821
List the prime factors of 6501.
3, 11, 197
List the prime factors of 3120.
2, 3, 5, 13
What are the prime factors of 18117?
3, 11, 61
List the prime factors of 12316.
2, 3079
List the prime factors of 2180.
2, 5, 109
List the prime factors of 8546.
2, 4273
What are the prime factors of 7076?
2, 29, 61
List the prime factors of 3490.
2, 5, 349
List the prime factors of 913.
11, 83
What are the prime factors of 34960?
2, 5, 19, 23
List the prime factors of 130014.
2, 3, 31, 233
What are the prime factors of 11926?
2, 67, 89
What are the prime factors of 1182?
2, 3, 197
List the prime factors of 6753.
3, 2251
What are the prime factors of 206?
2, 103
List the prime factors of 874.
2, 19, 23
What are the prime factors of 55314?
2, 3, 7, 439
List the prime factors of 61155.
3, 5, 151
What are the prime factors of 142655?
5, 103, 277
What are the prime factors of 5489?
11, 499
What are the prime factors of 5510?
2, 5, 19, 29
What are the prime factors of 583?
11, 53
List the prime factors of 4712.
2, 19, 31
List the prime factors of 770.
2, 5, 7, 11
List the prime factors of 2935.
5, 587
What are the prime factors of 3584?
2, 7
List the prime factors of 60.
2, 3, 5
What are the prime fa